-25)?
8
Let q be 1 + 7/2*2. Let z = q + -4. Suppose -z*d + d + p + 2 = 0, 5*d - 8 = -3*p. What is the units digit of d?
1
Suppose 5*x + 33 = -17. Let c be 4/(-10) - 44/x. What is the units digit of (-23)/(-2) + (-6)/c?
0
Suppose 0 + 3 = n. Suppose -n*u = u - 12. What is the units digit of u?
3
Suppose 2*t + 5*m = -7 + 28, 4*t - 4*m = 0. Suppose -105*v - 20 = -109*v. Suppose -9 - 16 = -5*d - v*b, -t*d + 8 = -4*b. What is the units digit of d?
4
Let w(m) = m**3 + 6*m**2 + 4. Let o be w(-6). Let t(g) = -g**2 - 4*g - 2. Let n be t(-2). Let r = o - n. What is the units digit of r?
2
Let u = -8 - -27. Suppose -4*z - 1 - 3 = 0, -4*z = -3*p + u. What is the units digit of p + (0 + 0 - 0)?
5
Let r = -1 + -11. Let c = r + 4. What is the tens digit of 18 + c + 1*2?
1
Suppose 2*o + 5 = 3*o. Suppose -d + 10*g - 5*g = -5, -3*d = -o*g - 5. Suppose l + 0 = p - 17, d = 2*p - l - 30. What is the units digit of p?
3
Let w = -62 + 40. Let r = w + 32. What is the tens digit of r?
1
Let c(b) = b**2 + 6*b. Let o(u) = -u. Let t be o(7). Let j be c(t). Let f(i) = -i**2 + 8*i - 3. What is the units digit of f(j)?
4
Let j(m) = -m**2 - 9*m - 7. Let t = 7 + -13. Let z be ((-1)/(-1)*t)/1. What is the tens digit of j(z)?
1
Suppose 10 + 46 = o. Suppose -5*k + o = -79. What is the units digit of k/6 + (-2)/(-4)?
5
Suppose -2*v + 3*v = 4. Suppose -2*n = -4*n + v. Suppose 4*b = 4*q + b - 45, -n*q = 3*b - 9. What is the units digit of q?
9
Let n(v) = 41*v - 1. What is the tens digit of n(1)?
4
Let l = 165 - 96. What is the units digit of l?
9
Suppose 3*y + 84 = 7*y - 4*i, 4*i = -y + 41. Suppose -j = -3*z - 3, 3*z - 4*j + 13 = 1. Suppose -y = -5*a - z*a. What is the units digit of a?
5
Let s = 22 - 15. Let b be (-582)/21 + (-2)/s. Let a = -17 - b. What is the units digit of a?
1
Let a be 3/(-9) - 16/6. What is the units digit of 1/(-3)*25*a?
5
Suppose 4*w - 179 = -5*b, 2*b + 5*w = 50 + 8. Let a = b + -22. What is the units digit of a?
7
Suppose -3*f + 550 - 121 = 0. What is the tens digit of f?
4
Let z(p) = -6*p - 1. Let x be z(-1). Let q = x - 2. What is the units digit of q?
3
Suppose 4*n = 0, 4*o + 3*n = 2*o. Let t(w) = w - 4. Let q be t(o). What is the units digit of 6/q*(-4 - 0)?
6
Let n(j) = j**2 - 3*j - 4. Let l be n(5). What is the units digit of l/33 - (-326)/22?
5
Suppose 0*f + 3 = -3*d - 5*f, 4*d - 4*f = -4. Let q = d + 19. What is the units digit of q?
8
Let g(f) = -f**3 + 7*f**2 + 8*f + 4. Let t = -18 - -26. What is the units digit of g(t)?
4
Suppose 2*l = -2*l + 280. What is the tens digit of l?
7
Let p(k) = -k**3 + 9*k**2 - k + 11. Let i be p(9). Suppose -i*x + 0*x = -2. What is the units digit of x?
1
Let i be -2 + -2 - (1 - 2). Let z be 1 + (-9)/(1*i). Suppose t + 3*a - 8 = -3*t, -2*t + 3*a = -z. What is the units digit of t?
2
Suppose -579 = -5*p - 3*h, 3*p = -2*p + 4*h + 593. What is the tens digit of p?
1
Suppose -k = -0 - 2. Suppose -38 + 6 = -k*j. What is the tens digit of j?
1
Let z(d) = d**2. Let g(k) = -k**3 + 9*k**2 - 2*k + 3. Let v(r) = g(r) - 3*z(r). What is the tens digit of v(5)?
1
Let n(o) = o**2 - 7*o - 6. Let i = 0 + 8. Let k be n(i). Suppose k*z = 7*z - 55. What is the tens digit of z?
1
Suppose -5*k + 5*t + 218 - 58 = 0, 133 = 5*k + 4*t. What is the tens digit of k?
2
Suppose -s - 355 = -5*s + t, -5*s + 4*t = -441. What is the units digit of s?
9
Let s(d) = d**2 - d + 7. Let x be s(0). Let b(k) = k**2 + 8*k - 5. Let y(n) = -n**2 + 1. Let q(v) = b(v) + 2*y(v). What is the units digit of q(x)?
4
Suppose 5*z = 3*z. Suppose -3*w + c = -z*c - 18, -3*c = -5*w + 34. Suppose 8 = 4*u, -5 = -3*v + u + w. What is the units digit of v?
4
Let z = 104 - 57. What is the tens digit of z?
4
Let h = 107 - 32. What is the units digit of h?
5
Suppose 225 = 38*j - 37*j. What is the tens digit of j?
2
Let f = 13 - 25. Let h = 7 - f. What is the tens digit of h?
1
Let a(d) = -d**3 + 4*d**2 + 3*d - 3. Let m be ((-4)/(-8))/((-2)/(-8)). What is the units digit of a(m)?
1
What is the tens digit of (42/8)/((-6)/(-32))?
2
Let o = 57 - 19. What is the units digit of o?
8
Let p = -42 - -46. Let a = 0 - -4. Suppose a*x - 3*v - 32 = -v, -2*x + p*v + 4 = 0. What is the tens digit of x?
1
What is the units digit of -4*(108/(-16) + 2)?
9
Let y = -10 + 32. Suppose 0 = -4*o - 28 + 8, -2*p + 2*o = -y. What is the units digit of p?
6
Suppose -3*r + 15 = 0, -3*f - 2*r = -126 - 139. What is the tens digit of f?
8
Let l = 8 + -12. What is the tens digit of l*(-3)/30*50?
2
Suppose 2*v - v = 30. What is the units digit of v?
0
Suppose 4*o + 3*c = 303, -8*o + c = -3*o - 393. What is the units digit of o?
8
Suppose 3*i = -0*i + 30. What is the tens digit of i?
1
Let u(a) = -a**2 + a + 2. Let g be u(0). Let n = g + -1. Let t(x) = 3*x**3 - 2*x**2 + x. What is the units digit of t(n)?
2
What is the tens digit of ((-54)/15)/(12/(-80))?
2
Let j(f) = 4*f - 27. What is the units digit of j(7)?
1
What is the units digit of ((-16)/6)/(10/(-120))?
2
Let z = 82 - 12. What is the units digit of z?
0
Let s be (38/(-3))/(4/(-18)). Suppose 3*o - 37 + 109 = 3*q, 2*q - 5*o = s. What is the tens digit of q?
2
Let p(m) = 6*m**2 + 8*m**2 + 11*m**2 - 2*m**2. What is the units digit of p(-1)?
3
Let r(z) = z**2 + 8*z. Let d be r(-8). Suppose 4*q + v = -4*v + 70, d = -4*q - 4*v + 68. What is the units digit of q?
5
What is the tens digit of 41 + -1 + 1 + -1?
4
Let d be 7515/63 + (-4)/14. Let w = d - 72. What is the tens digit of w?
4
Suppose -3*r - 3*d = 12, 0*d + 3*d = -r - 8. Let q = 5 - r. What is the units digit of q?
7
What is the hundreds digit of -5 + (252 - 2 - -4)?
2
Let n = 4 - -1. Suppose -n*k + 49 = 19. Suppose 2*t - 2*o + 4 - k = 0, -4*o = 5*t - 23. What is the units digit of t?
3
Let x(b) = b + 3. Let k be x(6). Let z be (1 - k/12)*-4. What is the tens digit of 136/6 + z/(-3)?
2
What is the units digit of (9/(-4))/((-39)/208)?
2
Let i(b) be the first derivative of b**3/3 - b**2/2 - 4*b + 2. Let y be i(-4). Suppose 3*s = -4*z + 23, -3*z + y = -0*z + s. What is the units digit of z?
5
Suppose b - 5*b + 40 = 0. Suppose 8*g - b = 3*g. What is the units digit of g?
2
Let i be 10/(-15) - (-2)/3. Suppose -u + 5*x + 7 = i, -2*u = u - x - 21. Let h = -1 + u. What is the units digit of h?
6
What is the tens digit of (-686)/(-6) + ((-8)/6)/(-2)?
1
Let a(o) be the second derivative of o**3/6 + 2*o**2 - 3*o. Let j be a(-4). Suppose 0 = 3*k - 4*r - j*r - 27, 3*r = -5*k + 16. What is the units digit of k?
5
Let z(d) = 13*d + 1. Let j be z(-1). Let i = 21 + j. What is the units digit of i?
9
Let b be (0 - 1)/(0 + -1). Let v(a) = -a**2 + 3*a - 9. Let s(g) = -g. Let c(r) = b*v(r) - 6*s(r). What is the units digit of c(6)?
9
Suppose 65 = 5*z + 4*b, -5*z + 0*b + 65 = 5*b. What is the tens digit of z?
1
Let c = 10 + 1. What is the units digit of c?
1
Let b be (5/((-15)/42))/(-1). Suppose 3*p - p = b. What is the units digit of p?
7
Suppose 2*t - 5 = 5. What is the units digit of t/((3/(-3))/(-3))?
5
Suppose 3*h - 2*g - 248 = 0, -g + 16 = -5*g. Suppose -4*d + h = -2*b + 3*b, -8 = 2*b. What is the units digit of d?
1
Let x(d) = -d**2 + 7*d + 8. Suppose 5*i = 5*y - 31 - 14, 3*y - 22 = 2*i. Let v be 26/4 - (-2)/y. What is the units digit of x(v)?
8
Let y be (12/10)/(2/5). Suppose -2 = -y*v + 1. What is the units digit of v/1 + (-5)/(-5)?
2
What is the tens digit of (6/(-4))/(-1 - (-279)/282)?
4
Suppose -7 = -3*d + 8. Suppose 0 = -6*g + 3*g. Suppose -t + d*t - 28 = g. What is the units digit of t?
7
Let h = 59 + 30. What is the units digit of h?
9
Suppose -266 = 5*o - 41. What is the tens digit of (o/6)/((-9)/24)?
2
Let k(c) = -c**3 + 4*c**2 + c + 3. Let m be k(4). What is the units digit of (-1)/3 - m/(-3)?
2
Suppose -4*k = -13 - 3. Let g(b) = 11*b**3 + b**2 - b. Let p be g(1). Let u = p - k. What is the units digit of u?
7
Let i(m) be the first derivative of -m**2/2 - 4*m - 1. Let g = -34 + 28. What is the units digit of i(g)?
2
Suppose 4*r + 156 = 12. What is the units digit of ((-1)/2)/(3/r)?
6
Suppose f = -4*f + 15. Let b be (f - (5 + -3))*-2. Let q(i) = -6*i + 2. What is the tens digit of q(b)?
1
Let a(m) = m**2 + 12*m - 5. Let y(n) = n**2 + n. Let z(o) = -a(o) + 2*y(o). Let p be z(10). Suppose -p*h - 7 = -27. What is the units digit of h?
4
Suppose 3*c = -p - 11, 2*c - 2*p + 0*p = 6. Suppose 13 = 4*i - 2*g + 1, -2*